{"id":11925,"date":"2023-08-14T21:30:15","date_gmt":"2023-08-14T19:30:15","guid":{"rendered":"https:\/\/ekomfort.lu\/shop\/bagtara-black-schwarze-schulterhandtasche-von-nae-die-perfekte-verbindung-zwischen-eleganz-und-haltbarkeit"},"modified":"2024-01-20T14:13:15","modified_gmt":"2024-01-20T13:13:15","slug":"bagtara-black-schwarze-schulterhandtasche-von-nae-die-perfekte-verbindung-zwischen-eleganz-und-haltbarkeit","status":"publish","type":"product","link":"https:\/\/ekomfort.lu\/de\/shop\/bagtara-black-schwarze-schulterhandtasche-von-nae-die-perfekte-verbindung-zwischen-eleganz-und-haltbarkeit\/","title":{"rendered":"BagTara Black Schwarze Schulterhandtasche von Nae: Die perfekte Verbindung zwischen Eleganz und Haltbarkeit"},"content":{"rendered":"\n<p>Haben Sie genug von Taschen, die zu sperrig sind oder denen wirklich praktische Taschen fehlen? Auf der Suche nach einem <strong>moderne Damen-Schulterhandtasche<\/strong> Ihren Computer stilvoll unterbringen kann?<\/p>\n\n\n\n<p>Entdecken Sie den <strong>BagTara Black<\/strong>, ein <strong>Schulterhandtasche<\/strong> aus Apple-Leder, entworfen, um Funktionalit\u00e4t, attraktive \u00c4sthetik und Umweltschutz effektiv zu kombinieren.<\/p>\n\n\n\n<p>Avec <strong>BagTara Black<\/strong>:<\/p>\n\n\n<style>.wp-block-kadence-iconlist.kt-svg-icon-list-items11925_4e5c76-3a:not(.this-stops-third-party-issues){margin-top:0px;margin-bottom:0px;}.wp-block-kadence-iconlist.kt-svg-icon-list-items11925_4e5c76-3a ul.kt-svg-icon-list:not(.this-prevents-issues):not(.this-stops-third-party-issues):not(.tijsloc){margin-top:0px;margin-right:0px;margin-bottom:var(--global-kb-spacing-sm, 1.5rem);margin-left:0px;}.wp-block-kadence-iconlist.kt-svg-icon-list-items11925_4e5c76-3a ul.kt-svg-icon-list{grid-row-gap:5px;}.wp-block-kadence-iconlist.kt-svg-icon-list-items11925_4e5c76-3a .kb-svg-icon-wrap{font-size:18px;color:var(--global-palette1, #3182CE);}.wp-block-kadence-iconlist.kt-svg-icon-list-items11925_4e5c76-3a ul.kt-svg-icon-list .kt-svg-icon-list-item-wrap .kt-svg-icon-list-single{margin-right:10px;}.kt-svg-icon-list-items11925_4e5c76-3a ul.kt-svg-icon-list .kt-svg-icon-list-level-0 .kt-svg-icon-list-single svg{font-size:20px;}<\/style>\n<div class=\"wp-block-kadence-iconlist kt-svg-icon-list-items kt-svg-icon-list-items11925_4e5c76-3a kt-svg-icon-list-columns-1 alignnone\"><ul class=\"kt-svg-icon-list\"><style>.kt-svg-icon-list-item-4409_ddf823-69 .kt-svg-icon-list-text mark.kt-highlight{background-color:unset;font-style:normal;color:#f76a0c;-webkit-box-decoration-break:clone;box-decoration-break:clone;padding-top:0px;padding-right:0px;padding-bottom:0px;padding-left:0px;}<\/style>\n<li class=\"wp-block-kadence-listitem kt-svg-icon-list-item-wrap kt-svg-icon-list-item-4409_ddf823-69\"><span class=\"kb-svg-icon-wrap kb-svg-icon-fe_checkCircle kt-svg-icon-list-single\"><svg viewBox=\"0 0 24 24\"  fill=\"none\" stroke=\"currentColor\" stroke-width=\"3\" stroke-linecap=\"round\" stroke-linejoin=\"round\" xmlns=\"http:\/\/www.w3.org\/2000\/svg\"  aria-hidden=\"true\"><path d=\"M22 11.08V12a10 10 0 1 1-5.93-9.14\"\/><polyline points=\"22 4 12 14.01 9 11.01\"\/><\/svg><\/span><span class=\"kt-svg-icon-list-text\">\n<p>Organisieren Sie Ihren Alltag mit zwei separaten Innenf\u00e4chern, darunter eine Rei\u00dfverschlusstasche und eine offene Tasche, in denen Sie alle wichtigen Gegenst\u00e4nde unterbringen k\u00f6nnen.<\/p>\n<\/span><\/li>\n\n\n<style>.kt-svg-icon-list-item-4409_f20071-95 .kt-svg-icon-list-text mark.kt-highlight{background-color:unset;font-style:normal;color:#f76a0c;-webkit-box-decoration-break:clone;box-decoration-break:clone;padding-top:0px;padding-right:0px;padding-bottom:0px;padding-left:0px;}<\/style>\n<li class=\"wp-block-kadence-listitem kt-svg-icon-list-item-wrap kt-svg-icon-list-item-4409_f20071-95\"><span class=\"kb-svg-icon-wrap kb-svg-icon-fe_checkCircle kt-svg-icon-list-single\"><svg viewBox=\"0 0 24 24\"  fill=\"none\" stroke=\"currentColor\" stroke-width=\"3\" stroke-linecap=\"round\" stroke-linejoin=\"round\" xmlns=\"http:\/\/www.w3.org\/2000\/svg\"  aria-hidden=\"true\"><path d=\"M22 11.08V12a10 10 0 1 1-5.93-9.14\"\/><polyline points=\"22 4 12 14.01 9 11.01\"\/><\/svg><\/span><span class=\"kt-svg-icon-list-text\">\n<p>Genie\u00dfen Sie ein elegantes, zeitloses Design, das Ihren Stil unterstreicht, egal ob Sie auf dem Weg zur Arbeit oder zu einem geselligen Treffen unterwegs sind.<\/p>\n<\/span><\/li>\n\n\n<style>.kt-svg-icon-list-item-4409_7437b1-e9 .kt-svg-icon-list-text mark.kt-highlight{background-color:unset;font-style:normal;color:#f76a0c;-webkit-box-decoration-break:clone;box-decoration-break:clone;padding-top:0px;padding-right:0px;padding-bottom:0px;padding-left:0px;}<\/style>\n<li class=\"wp-block-kadence-listitem kt-svg-icon-list-item-wrap kt-svg-icon-list-item-4409_7437b1-e9\"><span class=\"kb-svg-icon-wrap kb-svg-icon-fe_checkCircle kt-svg-icon-list-single\"><svg viewBox=\"0 0 24 24\"  fill=\"none\" stroke=\"currentColor\" stroke-width=\"3\" stroke-linecap=\"round\" stroke-linejoin=\"round\" xmlns=\"http:\/\/www.w3.org\/2000\/svg\"  aria-hidden=\"true\"><path d=\"M22 11.08V12a10 10 0 1 1-5.93-9.14\"\/><polyline points=\"22 4 12 14.01 9 11.01\"\/><\/svg><\/span><span class=\"kt-svg-icon-list-text\">\n<p>Verk\u00f6rpern Sie \u00f6kologische Verantwortung mit einer Tasche aus Apfelleder, einem innovativen Material, das die Natur respektiert und frei von Grausamkeiten und giftigen Substanzen ist.<\/p>\n<\/span><\/li>\n<\/ul><\/div>\n\n\n\n<p>Ohne Kompromisse bei der Funktionalit\u00e4t, ohne R\u00fcckgriff auf sch\u00e4dliche Chemikalien, ohne Bedenken&#8230;<\/p>\n\n\n\n<p>F\u00fcr den Preis eines guten Restaurantessens bereichern Sie Ihre Sammlung mit einer <strong>schwarze Damen-Schulterhandtasche<\/strong>, die sowohl Ihre Werte als auch Ihren Stil unterstreicht.<\/p>\n\n\n\n<p>Sind Sie also bereit, nachhaltige Mode einzuf\u00fchren, ohne Kompromisse bei der Eleganz einzugehen? Die <strong>Arum Grey<\/strong> sind bereits sehr beliebt.<\/p>\n","protected":false},"excerpt":{"rendered":"<p>Haben Sie genug von Taschen, die zu sperrig sind oder denen wirklich praktische Taschen fehlen? Auf der Suche nach einem moderne Damen-Schulterhandtasche Ihren Computer stilvoll unterbringen kann? Entdecken Sie den BagTara Black, ein Schulterhandtasche aus Apple-Leder, entworfen, um Funktionalit\u00e4t, attraktive \u00c4sthetik und Umweltschutz effektiv zu kombinieren. Avec BagTara Black: Ohne Kompromisse bei der Funktionalit\u00e4t, ohne&#8230;<\/p>\n","protected":false},"featured_media":7934,"comment_status":"open","ping_status":"closed","template":"","meta":{"_acf_changed":false,"_kad_blocks_custom_css":"","_kad_blocks_head_custom_js":"","_kad_blocks_body_custom_js":"","_kad_blocks_footer_custom_js":"","_kad_post_transparent":"","_kad_post_title":"","_kad_post_layout":"","_kad_post_sidebar_id":"","_kad_post_content_style":"","_kad_post_vertical_padding":"","_kad_post_feature":"","_kad_post_feature_position":"","_kad_post_header":false,"_kad_post_footer":false,"_kad_post_classname":""},"product_brand":[],"product_cat":[454,495],"product_tag":[447],"product_brands":[685],"class_list":{"0":"post-11925","1":"product","2":"type-product","3":"status-publish","4":"has-post-thumbnail","6":"product_cat-accessoires-de","7":"product_cat-vegane-luxus-tasche","8":"product_tag-frau","9":"product_brands-nae-vegan-shoes-de","11":"first","12":"outofstock","13":"taxable","14":"shipping-taxable","15":"purchasable","16":"product-type-simple","17":"entry","18":"content-bg","19":"loop-entry"},"acf":{"avantages":"\ud83d\udca6 Wasserdicht: Sch\u00fctzt Ihre Sachen vor Feuchtigkeit.\r\n\r\n\ud83c\udf2c\ufe0f Atmungsaktiv: Verhindert Feuchtigkeitsansammlungen im Inneren der Tasche.\r\n\r\n\ud83c\udf31 Umweltfreundlich: Verwendet umweltfreundliche Materialien wie veganes Leder aus Apfelsaftresten und GOTS-zertifizierte Bio-Baumwolle.\r\n\r\n\ud83e\udda0 Antimikrobiell: Gew\u00e4hrleistet Sauberkeit und Hygiene der Tasche.\r\n\r\n\ud83d\udeab Gesundheitlich unbedenklich: Verwendet gesundheitlich unbedenkliche Materialien.\r\n\r\n\ud83e\udd27 Hypoallergen: Reduziert das Risiko von allergischen Reaktionen.\r\n\r\n\ud83d\udd12 Rei\u00dfverschl\u00fcsse und Accessoires ohne Nickel: Um Hautreizungen zu vermeiden.\r\n\r\n\ud83d\udc5c Mittlere Einheitsgr\u00f6\u00dfe: Praktische Abmessungen von 11 x 7,1 x 2,4 Zoll, um Ihren t\u00e4glichen Bed\u00fcrfnissen gerecht zu werden.\r\n\r\n\ud83c\udf92 Bequemer Schultergurt: Verstellbarer Schultergurt bis zu 46,5 Zoll f\u00fcr eine perfekte Passform.\ud83c\uddea\ud83c\uddf8 Sorgf\u00e4ltig in Spanien hergestellt: Umweltfreundliche Materialien und faire Herstellungsprozesse zur Unterst\u00fctzung nachhaltiger Mode.","entretien":"Wasserabweisend, atmungsaktiv, umweltfreundlich, antimikrobiell, sicher f\u00fcr die Gesundheit des Verbrauchers und der Verbraucherin und hypoallergen.Materialien: Veganes Leder aus AppleSkin, hergestellt aus Resten der Apfelsaftproduktion, und GOTS-zertifizierte Bio-Baumwolle.Verschluss: Rei\u00dfverschl\u00fcsse und andere Metallaccessoires garantiert nickel frei.Gr\u00f6\u00dfe: Einheitsgr\u00f6\u00dfe, mittel.Abmessungen: Breite x H\u00f6he x Tiefe; 28 x 18 x 6 cm - 11 x 7,1 x 2,4 Zoll.Schultergurtl\u00e4nge (maximal): 118 cm - 46,5 Zoll.Sorgf\u00e4ltig in Spanien mit umweltfreundlichen Materialien und Herstellungsverfahren unter fairen Arbeitsbedingungen hergestellt.","marque":""},"taxonomy_info":{"product_cat":[{"value":454,"label":"Accessoires"},{"value":495,"label":"Taschen"}],"product_tag":[{"value":447,"label":"Damenboutique"}],"product_brands":[{"value":685,"label":"NAE Vegan Shoes"}]},"featured_image_src_large":["https:\/\/ekomfort.lu\/wp-content\/uploads\/2023\/08\/BagTara_Black-1024x1024.jpg",1024,1024,true],"author_info":[],"comment_info":0,"_links":{"self":[{"href":"https:\/\/ekomfort.lu\/de\/wp-json\/wp\/v2\/product\/11925","targetHints":{"allow":["GET"]}}],"collection":[{"href":"https:\/\/ekomfort.lu\/de\/wp-json\/wp\/v2\/product"}],"about":[{"href":"https:\/\/ekomfort.lu\/de\/wp-json\/wp\/v2\/types\/product"}],"replies":[{"embeddable":true,"href":"https:\/\/ekomfort.lu\/de\/wp-json\/wp\/v2\/comments?post=11925"}],"wp:featuredmedia":[{"embeddable":true,"href":"https:\/\/ekomfort.lu\/de\/wp-json\/wp\/v2\/media\/7934"}],"wp:attachment":[{"href":"https:\/\/ekomfort.lu\/de\/wp-json\/wp\/v2\/media?parent=11925"}],"wp:term":[{"taxonomy":"product_brand","embeddable":true,"href":"https:\/\/ekomfort.lu\/de\/wp-json\/wp\/v2\/product_brand?post=11925"},{"taxonomy":"product_cat","embeddable":true,"href":"https:\/\/ekomfort.lu\/de\/wp-json\/wp\/v2\/product_cat?post=11925"},{"taxonomy":"product_tag","embeddable":true,"href":"https:\/\/ekomfort.lu\/de\/wp-json\/wp\/v2\/product_tag?post=11925"},{"taxonomy":"product_brands","embeddable":true,"href":"https:\/\/ekomfort.lu\/de\/wp-json\/wp\/v2\/product_brands?post=11925"}],"curies":[{"name":"wp","href":"https:\/\/api.w.org\/{rel}","templated":true}]}}

<p>Haben Sie genug von Taschen, die zu sperrig sind oder denen wirklich praktische Taschen fehlen? Auf der Suche nach einem <strong>moderne Damen-Schulterhandtasche</strong> Ihren Computer stilvoll unterbringen kann?</p>



<p>Entdecken Sie den <strong>BagTara Black</strong>, ein <strong>Schulterhandtasche</strong> aus Apple-Leder, entworfen, um Funktionalität, attraktive Ästhetik und Umweltschutz effektiv zu kombinieren.</p>



<p>Avec <strong>BagTara Black</strong>:</p>


<style>.wp-block-kadence-iconlist.kt-svg-icon-list-items11925_4e5c76-3a:not(.this-stops-third-party-issues){margin-top:0px;margin-bottom:0px;}.wp-block-kadence-iconlist.kt-svg-icon-list-items11925_4e5c76-3a ul.kt-svg-icon-list:not(.this-prevents-issues):not(.this-stops-third-party-issues):not(.tijsloc){margin-top:0px;margin-right:0px;margin-bottom:var(--global-kb-spacing-sm, 1.5rem);margin-left:0px;}.wp-block-kadence-iconlist.kt-svg-icon-list-items11925_4e5c76-3a ul.kt-svg-icon-list{grid-row-gap:5px;}.wp-block-kadence-iconlist.kt-svg-icon-list-items11925_4e5c76-3a .kb-svg-icon-wrap{font-size:18px;color:var(--global-palette1, #3182CE);}.wp-block-kadence-iconlist.kt-svg-icon-list-items11925_4e5c76-3a ul.kt-svg-icon-list .kt-svg-icon-list-item-wrap .kt-svg-icon-list-single{margin-right:10px;}.kt-svg-icon-list-items11925_4e5c76-3a ul.kt-svg-icon-list .kt-svg-icon-list-level-0 .kt-svg-icon-list-single svg{font-size:20px;}</style>
<div class="wp-block-kadence-iconlist kt-svg-icon-list-items kt-svg-icon-list-items11925_4e5c76-3a kt-svg-icon-list-columns-1 alignnone"><ul class="kt-svg-icon-list"><style>.kt-svg-icon-list-item-4409_ddf823-69 .kt-svg-icon-list-text mark.kt-highlight{background-color:unset;font-style:normal;color:#f76a0c;-webkit-box-decoration-break:clone;box-decoration-break:clone;padding-top:0px;padding-right:0px;padding-bottom:0px;padding-left:0px;}</style>
<li class="wp-block-kadence-listitem kt-svg-icon-list-item-wrap kt-svg-icon-list-item-4409_ddf823-69"><span class="kb-svg-icon-wrap kb-svg-icon-fe_checkCircle kt-svg-icon-list-single"><svg viewBox="0 0 24 24"  fill="none" stroke="currentColor" stroke-width="3" stroke-linecap="round" stroke-linejoin="round" xmlns="http://www.w3.org/2000/svg"  aria-hidden="true"><path d="M22 11.08V12a10 10 0 1 1-5.93-9.14"/><polyline points="22 4 12 14.01 9 11.01"/></svg></span><span class="kt-svg-icon-list-text">
<p>Organisieren Sie Ihren Alltag mit zwei separaten Innenfächern, darunter eine Reißverschlusstasche und eine offene Tasche, in denen Sie alle wichtigen Gegenstände unterbringen können.</p>
</span></li>


<style>.kt-svg-icon-list-item-4409_f20071-95 .kt-svg-icon-list-text mark.kt-highlight{background-color:unset;font-style:normal;color:#f76a0c;-webkit-box-decoration-break:clone;box-decoration-break:clone;padding-top:0px;padding-right:0px;padding-bottom:0px;padding-left:0px;}</style>
<li class="wp-block-kadence-listitem kt-svg-icon-list-item-wrap kt-svg-icon-list-item-4409_f20071-95"><span class="kb-svg-icon-wrap kb-svg-icon-fe_checkCircle kt-svg-icon-list-single"><svg viewBox="0 0 24 24"  fill="none" stroke="currentColor" stroke-width="3" stroke-linecap="round" stroke-linejoin="round" xmlns="http://www.w3.org/2000/svg"  aria-hidden="true"><path d="M22 11.08V12a10 10 0 1 1-5.93-9.14"/><polyline points="22 4 12 14.01 9 11.01"/></svg></span><span class="kt-svg-icon-list-text">
<p>Genießen Sie ein elegantes, zeitloses Design, das Ihren Stil unterstreicht, egal ob Sie auf dem Weg zur Arbeit oder zu einem geselligen Treffen unterwegs sind.</p>
</span></li>


<style>.kt-svg-icon-list-item-4409_7437b1-e9 .kt-svg-icon-list-text mark.kt-highlight{background-color:unset;font-style:normal;color:#f76a0c;-webkit-box-decoration-break:clone;box-decoration-break:clone;padding-top:0px;padding-right:0px;padding-bottom:0px;padding-left:0px;}</style>
<li class="wp-block-kadence-listitem kt-svg-icon-list-item-wrap kt-svg-icon-list-item-4409_7437b1-e9"><span class="kb-svg-icon-wrap kb-svg-icon-fe_checkCircle kt-svg-icon-list-single"><svg viewBox="0 0 24 24"  fill="none" stroke="currentColor" stroke-width="3" stroke-linecap="round" stroke-linejoin="round" xmlns="http://www.w3.org/2000/svg"  aria-hidden="true"><path d="M22 11.08V12a10 10 0 1 1-5.93-9.14"/><polyline points="22 4 12 14.01 9 11.01"/></svg></span><span class="kt-svg-icon-list-text">
<p>Verkörpern Sie ökologische Verantwortung mit einer Tasche aus Apfelleder, einem innovativen Material, das die Natur respektiert und frei von Grausamkeiten und giftigen Substanzen ist.</p>
</span></li>
</ul></div>



<p>Ohne Kompromisse bei der Funktionalität, ohne Rückgriff auf schädliche Chemikalien, ohne Bedenken&#8230;</p>



<p>Für den Preis eines guten Restaurantessens bereichern Sie Ihre Sammlung mit einer <strong>schwarze Damen-Schulterhandtasche</strong>, die sowohl Ihre Werte als auch Ihren Stil unterstreicht.</p>



<p>Sind Sie also bereit, nachhaltige Mode einzuführen, ohne Kompromisse bei der Eleganz einzugehen? Die <strong>Arum Grey</strong> sind bereits sehr beliebt.</p>

<p>Haben Sie genug von Taschen, die zu sperrig sind oder denen wirklich praktische Taschen fehlen? Auf der Suche nach einem moderne Damen-Schulterhandtasche Ihren Computer stilvoll unterbringen kann? Entdecken Sie den BagTara Black, ein Schulterhandtasche aus Apple-Leder, entworfen, um Funktionalität, attraktive Ästhetik und Umweltschutz effektiv zu kombinieren. Avec BagTara Black: Ohne Kompromisse bei der Funktionalität, ohne&#8230;</p>

💦 Wasserdicht: Schützt Ihre Sachen vor Feuchtigkeit.

🌬️ Atmungsaktiv: Verhindert Feuchtigkeitsansammlungen im Inneren der Tasche.

🌱 Umweltfreundlich: Verwendet umweltfreundliche Materialien wie veganes Leder aus Apfelsaftresten und GOTS-zertifizierte Bio-Baumwolle.

🦠 Antimikrobiell: Gewährleistet Sauberkeit und Hygiene der Tasche.

🚫 Gesundheitlich unbedenklich: Verwendet gesundheitlich unbedenkliche Materialien.

🤧 Hypoallergen: Reduziert das Risiko von allergischen Reaktionen.

🔒 Reißverschlüsse und Accessoires ohne Nickel: Um Hautreizungen zu vermeiden.

👜 Mittlere Einheitsgröße: Praktische Abmessungen von 11 x 7,1 x 2,4 Zoll, um Ihren täglichen Bedürfnissen gerecht zu werden.

🎒 Bequemer Schultergurt: Verstellbarer Schultergurt bis zu 46,5 Zoll für eine perfekte Passform.🇪🇸 Sorgfältig in Spanien hergestellt: Umweltfreundliche Materialien und faire Herstellungsprozesse zur Unterstützung nachhaltiger Mode.

Wasserabweisend, atmungsaktiv, umweltfreundlich, antimikrobiell, sicher für die Gesundheit des Verbrauchers und der Verbraucherin und hypoallergen.Materialien: Veganes Leder aus AppleSkin, hergestellt aus Resten der Apfelsaftproduktion, und GOTS-zertifizierte Bio-Baumwolle.Verschluss: Reißverschlüsse und andere Metallaccessoires garantiert nickel frei.Größe: Einheitsgröße, mittel.Abmessungen: Breite x Höhe x Tiefe; 28 x 18 x 6 cm - 11 x 7,1 x 2,4 Zoll.Schultergurtlänge (maximal): 118 cm - 46,5 Zoll.Sorgfältig in Spanien mit umweltfreundlichen Materialien und Herstellungsverfahren unter fairen Arbeitsbedingungen hergestellt.
