{"id":11855,"date":"2023-07-20T22:09:38","date_gmt":"2023-07-20T20:09:38","guid":{"rendered":"https:\/\/ekomfort.lu\/shop\/guertel-herren-calaf-brown-von-nae-eine-perfekte-balance-zwischen-stil-und-langlebigkeit-fuer-den-modernen-mann"},"modified":"2024-07-01T12:10:49","modified_gmt":"2024-07-01T10:10:49","slug":"guertel-herren-calaf-brown-von-nae-eine-perfekte-balance-zwischen-stil-und-langlebigkeit-fuer-den-modernen-mann","status":"publish","type":"product","link":"https:\/\/ekomfort.lu\/de\/shop\/guertel-herren-calaf-brown-von-nae-eine-perfekte-balance-zwischen-stil-und-langlebigkeit-fuer-den-modernen-mann\/","title":{"rendered":"G\u00fcrtel Herren Calaf Brown von Nae: Eine perfekte Balance zwischen Stil und Langlebigkeit f\u00fcr den modernen Mann"},"content":{"rendered":"\n<p>Sie streben nach einem <strong>umweltfreundlichen braunen Herreng\u00fcrtel<\/strong>, der Ihre Erscheinung hervorhebt und gleichzeitig Ihre Umweltwerte respektiert? Weigern Sie sich, \u00c4sthetik, Nachhaltigkeit und Ethik zu opfern?<\/p>\n\n\n\n<p>Entdecken Sie den <strong>Calaf Braun<\/strong>, einen herausragenden <strong>Herreng\u00fcrtel<\/strong>, der perfekt Eleganz, Haltbarkeit und \u00f6kologische Verantwortung vereint, hergestellt aus veganer Mikrofaser.<\/p>\n\n\n\n<p>Wenn Sie sich f\u00fcr den veganen G\u00fcrtel <strong>Calaf Brown<\/strong> entscheiden, dann:<\/p>\n\n\n<style>.wp-block-kadence-iconlist.kt-svg-icon-list-items11855_fe11e5-38:not(.this-stops-third-party-issues){margin-top:0px;margin-bottom:0px;}.wp-block-kadence-iconlist.kt-svg-icon-list-items11855_fe11e5-38 ul.kt-svg-icon-list:not(.this-prevents-issues):not(.this-stops-third-party-issues):not(.tijsloc){margin-top:0px;margin-right:0px;margin-bottom:var(--global-kb-spacing-sm, 1.5rem);margin-left:0px;}.wp-block-kadence-iconlist.kt-svg-icon-list-items11855_fe11e5-38 ul.kt-svg-icon-list{grid-row-gap:5px;}.wp-block-kadence-iconlist.kt-svg-icon-list-items11855_fe11e5-38 .kb-svg-icon-wrap{font-size:18px;color:var(--global-palette1, #3182CE);}.wp-block-kadence-iconlist.kt-svg-icon-list-items11855_fe11e5-38 ul.kt-svg-icon-list .kt-svg-icon-list-item-wrap .kt-svg-icon-list-single{margin-right:10px;}.kt-svg-icon-list-items11855_fe11e5-38 ul.kt-svg-icon-list .kt-svg-icon-list-level-0 .kt-svg-icon-list-single svg{font-size:20px;}<\/style>\n<div class=\"wp-block-kadence-iconlist kt-svg-icon-list-items kt-svg-icon-list-items11855_fe11e5-38 kt-svg-icon-list-columns-1 alignnone\"><ul class=\"kt-svg-icon-list\"><style>.kt-svg-icon-list-item-3617_f311f1-80 .kt-svg-icon-list-text mark.kt-highlight{background-color:unset;font-style:normal;color:#f76a0c;-webkit-box-decoration-break:clone;box-decoration-break:clone;padding-top:0px;padding-right:0px;padding-bottom:0px;padding-left:0px;}<\/style>\n<li class=\"wp-block-kadence-listitem kt-svg-icon-list-item-wrap kt-svg-icon-list-item-3617_f311f1-80\"><span class=\"kb-svg-icon-wrap kb-svg-icon-fe_checkCircle kt-svg-icon-list-single\"><svg viewBox=\"0 0 24 24\"  fill=\"none\" stroke=\"currentColor\" stroke-width=\"3\" stroke-linecap=\"round\" stroke-linejoin=\"round\" xmlns=\"http:\/\/www.w3.org\/2000\/svg\"  aria-hidden=\"true\"><path d=\"M22 11.08V12a10 10 0 1 1-5.93-9.14\"\/><polyline points=\"22 4 12 14.01 9 11.01\"\/><\/svg><\/span><span class=\"kt-svg-icon-list-text\">\u00dcberqueren Sie Ihren Tag mit Vertrauen, dank eines hochwertigen Kunstlederg\u00fcrtels, der sowohl strapazierf\u00e4hig als auch umweltfreundlich ist.<\/span><\/li>\n\n\n<style>.kt-svg-icon-list-item-3617_e31231-33 .kt-svg-icon-list-text mark.kt-highlight{background-color:unset;font-style:normal;color:#f76a0c;-webkit-box-decoration-break:clone;box-decoration-break:clone;padding-top:0px;padding-right:0px;padding-bottom:0px;padding-left:0px;}<\/style>\n<li class=\"wp-block-kadence-listitem kt-svg-icon-list-item-wrap kt-svg-icon-list-item-3617_e31231-33\"><span class=\"kb-svg-icon-wrap kb-svg-icon-fe_checkCircle kt-svg-icon-list-single\"><svg viewBox=\"0 0 24 24\"  fill=\"none\" stroke=\"currentColor\" stroke-width=\"3\" stroke-linecap=\"round\" stroke-linejoin=\"round\" xmlns=\"http:\/\/www.w3.org\/2000\/svg\"  aria-hidden=\"true\"><path d=\"M22 11.08V12a10 10 0 1 1-5.93-9.14\"\/><polyline points=\"22 4 12 14.01 9 11.01\"\/><\/svg><\/span><span class=\"kt-svg-icon-list-text\">Zeigen Sie Ihren Stil kompromisslos mit einer nickelfreien silbernen Schleife, die jedem Ihrer Outfits einen modernen Touch verleiht.<\/span><\/li>\n\n\n<style>.kt-svg-icon-list-item-3617_d55a8c-06 .kt-svg-icon-list-text mark.kt-highlight{background-color:unset;font-style:normal;color:#f76a0c;-webkit-box-decoration-break:clone;box-decoration-break:clone;padding-top:0px;padding-right:0px;padding-bottom:0px;padding-left:0px;}<\/style>\n<li class=\"wp-block-kadence-listitem kt-svg-icon-list-item-wrap kt-svg-icon-list-item-3617_d55a8c-06\"><span class=\"kb-svg-icon-wrap kb-svg-icon-fe_checkCircle kt-svg-icon-list-single\"><svg viewBox=\"0 0 24 24\"  fill=\"none\" stroke=\"currentColor\" stroke-width=\"3\" stroke-linecap=\"round\" stroke-linejoin=\"round\" xmlns=\"http:\/\/www.w3.org\/2000\/svg\"  aria-hidden=\"true\"><path d=\"M22 11.08V12a10 10 0 1 1-5.93-9.14\"\/><polyline points=\"22 4 12 14.01 9 11.01\"\/><\/svg><\/span><span class=\"kt-svg-icon-list-text\">Spielen Sie eine ethische Mode mit einem von Hand gefertigten G\u00fcrtel, hergestellt in Spanien unter fairen und respektvollen Arbeitsbedingungen.<\/span><\/li>\n<\/ul><\/div>\n\n\n\n<p>Ohne Grausamkeit gegen\u00fcber Tieren, ohne Nickel, ohne Kompromisse bei der Eleganz&#8230;<\/p>\n\n\n\n<p>Und all das zum Preis eines klassischen G\u00fcrtels, aber mit dem Seelenfrieden zu wissen, dass Ihre Wahl dazu beitr\u00e4gt, unseren wertvollen Planeten zu bewahren.<\/p>\n\n\n\n<p>Alles klar, sind Sie bereit, Ihre Eleganz und Verantwortung auf ein h\u00f6heres Niveau zu bringen? Unser Bestand an <strong>Calaf Brown<\/strong> verringert sich und dieses Modell ist besonders begehrt. Verpassen Sie diese Chance nicht!<\/p>\n","protected":false},"excerpt":{"rendered":"<p>F\u00fcgen Sie Ihrer Kleidung mit dem braunen veganen Leder-Calaf-G\u00fcrtel f\u00fcr Herren einen ethischen und eleganten Touch hinzu. F\u00fchren Sie eine verantwortungsvolle Auswahl durch!<\/p>\n","protected":false},"featured_media":7774,"comment_status":"open","ping_status":"closed","template":"","meta":{"_acf_changed":false,"_kad_blocks_custom_css":"","_kad_blocks_head_custom_js":"","_kad_blocks_body_custom_js":"","_kad_blocks_footer_custom_js":"","_kad_post_transparent":"","_kad_post_title":"","_kad_post_layout":"","_kad_post_sidebar_id":"","_kad_post_content_style":"","_kad_post_vertical_padding":"","_kad_post_feature":"","_kad_post_feature_position":"","_kad_post_header":false,"_kad_post_footer":false,"_kad_post_classname":""},"product_brand":[],"product_cat":[491,454],"product_tag":[415],"product_brands":[685],"class_list":{"0":"post-11855","1":"product","2":"type-product","3":"status-publish","4":"has-post-thumbnail","6":"product_cat-gurtel","7":"product_cat-accessoires-de","8":"product_tag-mann","9":"product_brands-nae-vegan-shoes-de","11":"first","12":"outofstock","13":"taxable","14":"shipping-taxable","15":"purchasable","16":"product-type-variable","17":"has-default-attributes","18":"entry","19":"content-bg","20":"loop-entry"},"acf":{"avantages":"\ud83c\udf31 100% Mikrofaser: Eine umweltfreundliche Option, um Leder zu ersetzen.\r\n\r\n\ud83d\udd17 Nickelfreie silberne Schnalle: Vermeidet allergische Reaktionen f\u00fcr angenehmes Tragen.\ud83c\uddea\ud83c\uddf8 Handgefertigt in Spanien: Betont traditionelles Handwerk.\r\n\r\n\ud83d\udc56 Nachhaltiger Herreng\u00fcrtel: Ein nachhaltiger und verantwortungsbewusster Stil.","entretien":"Pflegetipps:1. Reinigen Sie Ihre Schuhe mit einem in Wasser und Seife getr\u00e4nkten Tuch.\r\n\r\n2. Lassen Sie sie vor der Anwendung trocknen.\r\n\r\n3. Das Auftragen von Schuhcreme wird dringend empfohlen.\r\n\r\n4. Tragen Sie eine kleine Menge mit einem trockenen und weichen Tuch auf und reiben Sie sparsam mit kreisenden Bewegungen auf das Material.\r\n\r\n5. Lassen Sie sie nach dem Auftragen 24 Stunden lang nat\u00fcrlich trocknen.Produktnutzungsdauer:Wenn Sie der Meinung sind, dass Ihr Artikel seine Zeit erreicht hat oder Sie ihn nicht mehr ben\u00f6tigen, denken Sie daran, ihm ein zweites Leben zu schenken. Sie k\u00f6nnen sich auch einen neuen Artikel f\u00fcr sich selbst besorgen oder ihn verschenken.","marque":""},"taxonomy_info":{"product_cat":[{"value":491,"label":"G\u00fcrtel"},{"value":454,"label":"Accessoires"}],"product_tag":[{"value":415,"label":"Herrenboutique"}],"product_brands":[{"value":685,"label":"NAE Vegan Shoes"}]},"featured_image_src_large":["https:\/\/ekomfort.lu\/wp-content\/uploads\/2023\/07\/ceinture-en-cuir-vegan-pour-homme-calaf-brown-ekomfort.jpg",700,700,false],"author_info":[],"comment_info":0,"_links":{"self":[{"href":"https:\/\/ekomfort.lu\/de\/wp-json\/wp\/v2\/product\/11855","targetHints":{"allow":["GET"]}}],"collection":[{"href":"https:\/\/ekomfort.lu\/de\/wp-json\/wp\/v2\/product"}],"about":[{"href":"https:\/\/ekomfort.lu\/de\/wp-json\/wp\/v2\/types\/product"}],"replies":[{"embeddable":true,"href":"https:\/\/ekomfort.lu\/de\/wp-json\/wp\/v2\/comments?post=11855"}],"wp:featuredmedia":[{"embeddable":true,"href":"https:\/\/ekomfort.lu\/de\/wp-json\/wp\/v2\/media\/7774"}],"wp:attachment":[{"href":"https:\/\/ekomfort.lu\/de\/wp-json\/wp\/v2\/media?parent=11855"}],"wp:term":[{"taxonomy":"product_brand","embeddable":true,"href":"https:\/\/ekomfort.lu\/de\/wp-json\/wp\/v2\/product_brand?post=11855"},{"taxonomy":"product_cat","embeddable":true,"href":"https:\/\/ekomfort.lu\/de\/wp-json\/wp\/v2\/product_cat?post=11855"},{"taxonomy":"product_tag","embeddable":true,"href":"https:\/\/ekomfort.lu\/de\/wp-json\/wp\/v2\/product_tag?post=11855"},{"taxonomy":"product_brands","embeddable":true,"href":"https:\/\/ekomfort.lu\/de\/wp-json\/wp\/v2\/product_brands?post=11855"}],"curies":[{"name":"wp","href":"https:\/\/api.w.org\/{rel}","templated":true}]}}

Gürtel Herren Calaf Brown von Nae: Eine perfekte Balance zwischen Stil und Langlebigkeit für den modernen Mann

<p>Sie streben nach einem <strong>umweltfreundlichen braunen Herrengürtel</strong>, der Ihre Erscheinung hervorhebt und gleichzeitig Ihre Umweltwerte respektiert? Weigern Sie sich, Ästhetik, Nachhaltigkeit und Ethik zu opfern?</p>



<p>Entdecken Sie den <strong>Calaf Braun</strong>, einen herausragenden <strong>Herrengürtel</strong>, der perfekt Eleganz, Haltbarkeit und ökologische Verantwortung vereint, hergestellt aus veganer Mikrofaser.</p>



<p>Wenn Sie sich für den veganen Gürtel <strong>Calaf Brown</strong> entscheiden, dann:</p>


<style>.wp-block-kadence-iconlist.kt-svg-icon-list-items11855_fe11e5-38:not(.this-stops-third-party-issues){margin-top:0px;margin-bottom:0px;}.wp-block-kadence-iconlist.kt-svg-icon-list-items11855_fe11e5-38 ul.kt-svg-icon-list:not(.this-prevents-issues):not(.this-stops-third-party-issues):not(.tijsloc){margin-top:0px;margin-right:0px;margin-bottom:var(--global-kb-spacing-sm, 1.5rem);margin-left:0px;}.wp-block-kadence-iconlist.kt-svg-icon-list-items11855_fe11e5-38 ul.kt-svg-icon-list{grid-row-gap:5px;}.wp-block-kadence-iconlist.kt-svg-icon-list-items11855_fe11e5-38 .kb-svg-icon-wrap{font-size:18px;color:var(--global-palette1, #3182CE);}.wp-block-kadence-iconlist.kt-svg-icon-list-items11855_fe11e5-38 ul.kt-svg-icon-list .kt-svg-icon-list-item-wrap .kt-svg-icon-list-single{margin-right:10px;}.kt-svg-icon-list-items11855_fe11e5-38 ul.kt-svg-icon-list .kt-svg-icon-list-level-0 .kt-svg-icon-list-single svg{font-size:20px;}</style>
<div class="wp-block-kadence-iconlist kt-svg-icon-list-items kt-svg-icon-list-items11855_fe11e5-38 kt-svg-icon-list-columns-1 alignnone"><ul class="kt-svg-icon-list"><style>.kt-svg-icon-list-item-3617_f311f1-80 .kt-svg-icon-list-text mark.kt-highlight{background-color:unset;font-style:normal;color:#f76a0c;-webkit-box-decoration-break:clone;box-decoration-break:clone;padding-top:0px;padding-right:0px;padding-bottom:0px;padding-left:0px;}</style>
<li class="wp-block-kadence-listitem kt-svg-icon-list-item-wrap kt-svg-icon-list-item-3617_f311f1-80"><span class="kb-svg-icon-wrap kb-svg-icon-fe_checkCircle kt-svg-icon-list-single"><svg viewBox="0 0 24 24"  fill="none" stroke="currentColor" stroke-width="3" stroke-linecap="round" stroke-linejoin="round" xmlns="http://www.w3.org/2000/svg"  aria-hidden="true"><path d="M22 11.08V12a10 10 0 1 1-5.93-9.14"/><polyline points="22 4 12 14.01 9 11.01"/></svg></span><span class="kt-svg-icon-list-text">Überqueren Sie Ihren Tag mit Vertrauen, dank eines hochwertigen Kunstledergürtels, der sowohl strapazierfähig als auch umweltfreundlich ist.</span></li>


<style>.kt-svg-icon-list-item-3617_e31231-33 .kt-svg-icon-list-text mark.kt-highlight{background-color:unset;font-style:normal;color:#f76a0c;-webkit-box-decoration-break:clone;box-decoration-break:clone;padding-top:0px;padding-right:0px;padding-bottom:0px;padding-left:0px;}</style>
<li class="wp-block-kadence-listitem kt-svg-icon-list-item-wrap kt-svg-icon-list-item-3617_e31231-33"><span class="kb-svg-icon-wrap kb-svg-icon-fe_checkCircle kt-svg-icon-list-single"><svg viewBox="0 0 24 24"  fill="none" stroke="currentColor" stroke-width="3" stroke-linecap="round" stroke-linejoin="round" xmlns="http://www.w3.org/2000/svg"  aria-hidden="true"><path d="M22 11.08V12a10 10 0 1 1-5.93-9.14"/><polyline points="22 4 12 14.01 9 11.01"/></svg></span><span class="kt-svg-icon-list-text">Zeigen Sie Ihren Stil kompromisslos mit einer nickelfreien silbernen Schleife, die jedem Ihrer Outfits einen modernen Touch verleiht.</span></li>


<style>.kt-svg-icon-list-item-3617_d55a8c-06 .kt-svg-icon-list-text mark.kt-highlight{background-color:unset;font-style:normal;color:#f76a0c;-webkit-box-decoration-break:clone;box-decoration-break:clone;padding-top:0px;padding-right:0px;padding-bottom:0px;padding-left:0px;}</style>
<li class="wp-block-kadence-listitem kt-svg-icon-list-item-wrap kt-svg-icon-list-item-3617_d55a8c-06"><span class="kb-svg-icon-wrap kb-svg-icon-fe_checkCircle kt-svg-icon-list-single"><svg viewBox="0 0 24 24"  fill="none" stroke="currentColor" stroke-width="3" stroke-linecap="round" stroke-linejoin="round" xmlns="http://www.w3.org/2000/svg"  aria-hidden="true"><path d="M22 11.08V12a10 10 0 1 1-5.93-9.14"/><polyline points="22 4 12 14.01 9 11.01"/></svg></span><span class="kt-svg-icon-list-text">Spielen Sie eine ethische Mode mit einem von Hand gefertigten Gürtel, hergestellt in Spanien unter fairen und respektvollen Arbeitsbedingungen.</span></li>
</ul></div>



<p>Ohne Grausamkeit gegenüber Tieren, ohne Nickel, ohne Kompromisse bei der Eleganz&#8230;</p>



<p>Und all das zum Preis eines klassischen Gürtels, aber mit dem Seelenfrieden zu wissen, dass Ihre Wahl dazu beiträgt, unseren wertvollen Planeten zu bewahren.</p>



<p>Alles klar, sind Sie bereit, Ihre Eleganz und Verantwortung auf ein höheres Niveau zu bringen? Unser Bestand an <strong>Calaf Brown</strong> verringert sich und dieses Modell ist besonders begehrt. Verpassen Sie diese Chance nicht!</p>

<p>Fügen Sie Ihrer Kleidung mit dem braunen veganen Leder-Calaf-Gürtel für Herren einen ethischen und eleganten Touch hinzu. Führen Sie eine verantwortungsvolle Auswahl durch!</p>

🌱 100% Mikrofaser: Eine umweltfreundliche Option, um Leder zu ersetzen.

🔗 Nickelfreie silberne Schnalle: Vermeidet allergische Reaktionen für angenehmes Tragen.🇪🇸 Handgefertigt in Spanien: Betont traditionelles Handwerk.

👖 Nachhaltiger Herrengürtel: Ein nachhaltiger und verantwortungsbewusster Stil.

Pflegetipps:1. Reinigen Sie Ihre Schuhe mit einem in Wasser und Seife getränkten Tuch.

2. Lassen Sie sie vor der Anwendung trocknen.

3. Das Auftragen von Schuhcreme wird dringend empfohlen.

4. Tragen Sie eine kleine Menge mit einem trockenen und weichen Tuch auf und reiben Sie sparsam mit kreisenden Bewegungen auf das Material.

5. Lassen Sie sie nach dem Auftragen 24 Stunden lang natürlich trocknen.Produktnutzungsdauer:Wenn Sie der Meinung sind, dass Ihr Artikel seine Zeit erreicht hat oder Sie ihn nicht mehr benötigen, denken Sie daran, ihm ein zweites Leben zu schenken. Sie können sich auch einen neuen Artikel für sich selbst besorgen oder ihn verschenken.

Gürtel
