{"id":11700,"date":"2023-08-16T14:50:08","date_gmt":"2023-08-16T12:50:08","guid":{"rendered":"https:\/\/ekomfort.lu\/shop\/schwarzer-herrenguertel-bruc-black-von-nae-das-schicke-und-umweltbewusste-vegane-accessoire"},"modified":"2024-07-01T12:06:22","modified_gmt":"2024-07-01T10:06:22","slug":"schwarzer-herrenguertel-bruc-black-von-nae-das-schicke-und-umweltbewusste-vegane-accessoire","status":"publish","type":"product","link":"https:\/\/ekomfort.lu\/de\/shop\/schwarzer-herrenguertel-bruc-black-von-nae-das-schicke-und-umweltbewusste-vegane-accessoire\/","title":{"rendered":"Schwarzer Herreng\u00fcrtel Bruc Black von Nae: Das schicke und umweltbewusste vegane Accessoire"},"content":{"rendered":"\n<p>Streben Sie nach Raffinesse, indem Sie Ihre Outfits mit anmutigen Accessoires schm\u00fccken, ohne Ihre ethischen \u00dcberzeugungen aufzugeben? Suchen Sie ein langlebiges, umweltfreundliches und modisches St\u00fcck?<\/p>\n\n\n\n<p>Entdecken Sie <strong>Bruc Black<\/strong>, la <strong>Herren-Stoff aus veganem Leder und schwarzer Mikrofaser.<\/strong> Eine perfekte Verbindung zwischen unvergleichlicher Eleganz und Umweltbewusstsein.<\/p>\n\n\n\n<p>Mit <strong>Ceinture en cuir homme Bruc Black<\/strong>, Sie:<\/p>\n\n\n<style>.wp-block-kadence-iconlist.kt-svg-icon-list-items11700_d25c52-b6:not(.this-stops-third-party-issues){margin-top:0px;margin-bottom:0px;}.wp-block-kadence-iconlist.kt-svg-icon-list-items11700_d25c52-b6 ul.kt-svg-icon-list:not(.this-prevents-issues):not(.this-stops-third-party-issues):not(.tijsloc){margin-top:0px;margin-right:0px;margin-bottom:var(--global-kb-spacing-sm, 1.5rem);margin-left:0px;}.wp-block-kadence-iconlist.kt-svg-icon-list-items11700_d25c52-b6 ul.kt-svg-icon-list{grid-row-gap:5px;}.wp-block-kadence-iconlist.kt-svg-icon-list-items11700_d25c52-b6 .kb-svg-icon-wrap{font-size:18px;color:var(--global-palette1, #3182CE);}.wp-block-kadence-iconlist.kt-svg-icon-list-items11700_d25c52-b6 ul.kt-svg-icon-list .kt-svg-icon-list-item-wrap .kt-svg-icon-list-single{margin-right:10px;}.kt-svg-icon-list-items11700_d25c52-b6 ul.kt-svg-icon-list .kt-svg-icon-list-level-0 .kt-svg-icon-list-single svg{font-size:20px;}<\/style>\n<div class=\"wp-block-kadence-iconlist kt-svg-icon-list-items kt-svg-icon-list-items11700_d25c52-b6 kt-svg-icon-list-columns-1 alignnone\"><ul class=\"kt-svg-icon-list\"><style>.kt-svg-icon-list-item-4461_7b9ac1-6a .kt-svg-icon-list-text mark.kt-highlight{background-color:unset;font-style:normal;color:#f76a0c;-webkit-box-decoration-break:clone;box-decoration-break:clone;padding-top:0px;padding-right:0px;padding-bottom:0px;padding-left:0px;}<\/style>\n<li class=\"wp-block-kadence-listitem kt-svg-icon-list-item-wrap kt-svg-icon-list-item-4461_7b9ac1-6a\"><span class=\"kb-svg-icon-wrap kb-svg-icon-fe_checkCircle kt-svg-icon-list-single\"><svg viewBox=\"0 0 24 24\"  fill=\"none\" stroke=\"currentColor\" stroke-width=\"3\" stroke-linecap=\"round\" stroke-linejoin=\"round\" xmlns=\"http:\/\/www.w3.org\/2000\/svg\"  aria-hidden=\"true\"><path d=\"M22 11.08V12a10 10 0 1 1-5.93-9.14\"\/><polyline points=\"22 4 12 14.01 9 11.01\"\/><\/svg><\/span><span class=\"kt-svg-icon-list-text\">Betonen Sie Ihren Stil mit einem schwarzen Mikrofaserg\u00fcrtel, einem langlebigen und umweltfreundlichen Material.<\/span><\/li>\n\n\n<style>.kt-svg-icon-list-item-4461_8e2002-b6 .kt-svg-icon-list-text mark.kt-highlight{background-color:unset;font-style:normal;color:#f76a0c;-webkit-box-decoration-break:clone;box-decoration-break:clone;padding-top:0px;padding-right:0px;padding-bottom:0px;padding-left:0px;}<\/style>\n<li class=\"wp-block-kadence-listitem kt-svg-icon-list-item-wrap kt-svg-icon-list-item-4461_8e2002-b6\"><span class=\"kb-svg-icon-wrap kb-svg-icon-fe_checkCircle kt-svg-icon-list-single\"><svg viewBox=\"0 0 24 24\"  fill=\"none\" stroke=\"currentColor\" stroke-width=\"3\" stroke-linecap=\"round\" stroke-linejoin=\"round\" xmlns=\"http:\/\/www.w3.org\/2000\/svg\"  aria-hidden=\"true\"><path d=\"M22 11.08V12a10 10 0 1 1-5.93-9.14\"\/><polyline points=\"22 4 12 14.01 9 11.01\"\/><\/svg><\/span><span class=\"kt-svg-icon-list-text\">Sie k\u00f6nnen sich leicht vorstellen, diesen modernen und raffinierten G\u00fcrtel zu tragen, der jedes Outfit zu jedem Anlass aufwertet.<\/span><\/li>\n\n\n<style>.kt-svg-icon-list-item-4461_469b9e-58 .kt-svg-icon-list-text mark.kt-highlight{background-color:unset;font-style:normal;color:#f76a0c;-webkit-box-decoration-break:clone;box-decoration-break:clone;padding-top:0px;padding-right:0px;padding-bottom:0px;padding-left:0px;}<\/style>\n<li class=\"wp-block-kadence-listitem kt-svg-icon-list-item-wrap kt-svg-icon-list-item-4461_469b9e-58\"><span class=\"kb-svg-icon-wrap kb-svg-icon-fe_checkCircle kt-svg-icon-list-single\"><svg viewBox=\"0 0 24 24\"  fill=\"none\" stroke=\"currentColor\" stroke-width=\"3\" stroke-linecap=\"round\" stroke-linejoin=\"round\" xmlns=\"http:\/\/www.w3.org\/2000\/svg\"  aria-hidden=\"true\"><path d=\"M22 11.08V12a10 10 0 1 1-5.93-9.14\"\/><polyline points=\"22 4 12 14.01 9 11.01\"\/><\/svg><\/span><span class=\"kt-svg-icon-list-text\">Genie\u00dfen Sie den Komfort und die ideale Passform eines in Spanien handgefertigten G\u00fcrtels in einem fairen Arbeitsumfeld.<\/span><\/li>\n<\/ul><\/div>\n\n\n\n<p>Keine Tierqu\u00e4lerei, kein Nickel, nur Eleganz ohne Schuldgef\u00fchle &#8230;<\/p>\n\n\n\n<p>G\u00f6nnen Sie sich zum Preis eines Restaurantessens einen eleganten, langlebigen und ethischen G\u00fcrtel, der Ihr Engagement f\u00fcr eine verantwortungsvollere Welt unterstreicht.<\/p>\n\n\n\n<p>Sind Sie bereit, auf bewusste und stilvolle Mode umzusteigen? Le <strong>Bruc Black<\/strong> wird verschlungen und unser Lagerbestand nimmt schnell ab. Lassen Sie sich diese Chance nicht entgehen!<\/p>\n","protected":false},"excerpt":{"rendered":"<p>Streben Sie nach Raffinesse, indem Sie Ihre Outfits mit anmutigen Accessoires schm\u00fccken, ohne Ihre ethischen \u00dcberzeugungen aufzugeben? Suchen Sie ein langlebiges, umweltfreundliches und modisches St\u00fcck? Entdecken Sie Bruc Black, la Herren-Stoff aus veganem Leder und schwarzer Mikrofaser. Eine perfekte Verbindung zwischen unvergleichlicher Eleganz und Umweltbewusstsein. Mit Ceinture en cuir homme Bruc Black, Sie: Keine Tierqu\u00e4lerei,&#8230;<\/p>\n","protected":false},"featured_media":8004,"comment_status":"open","ping_status":"closed","template":"","meta":{"_acf_changed":false,"_kad_blocks_custom_css":"","_kad_blocks_head_custom_js":"","_kad_blocks_body_custom_js":"","_kad_blocks_footer_custom_js":"","_kad_post_transparent":"","_kad_post_title":"","_kad_post_layout":"","_kad_post_sidebar_id":"","_kad_post_content_style":"","_kad_post_vertical_padding":"","_kad_post_feature":"","_kad_post_feature_position":"","_kad_post_header":false,"_kad_post_footer":false,"_kad_post_classname":""},"product_brand":[],"product_cat":[454,491],"product_tag":[415],"product_brands":[685],"class_list":{"0":"post-11700","1":"product","2":"type-product","3":"status-publish","4":"has-post-thumbnail","6":"product_cat-accessoires-de","7":"product_cat-gurtel","8":"product_tag-mann","9":"product_brands-nae-vegan-shoes-de","11":"first","12":"instock","13":"taxable","14":"shipping-taxable","15":"purchasable","16":"product-type-variable","17":"has-default-attributes","18":"entry","19":"content-bg","20":"loop-entry"},"acf":{"avantages":"\ud83c\udf3f 100% Mikrofaserzusammensetzung: Eine vegane und umweltfreundliche Alternative zu traditionellem Leder.\r\n\r\n\u26d3\ufe0f Nickelfreie silberne Schnalle: Reduziert das Risiko von Allergien und Hautreaktionen.\ud83c\uddea\ud83c\uddf8 Handgefertigt in Spanien: Garantiert eine erstklassige Verarbeitungsqualit\u00e4t und unterst\u00fctzt das lokale Handwerk.\r\n\r\n\u267b\ufe0f Nachhaltiger Modeg\u00fcrtel f\u00fcr Herren: Bietet eine nachhaltige und verantwortungsvolle Wahl, um ein Outfit zu vervollst\u00e4ndigen.","entretien":"Reinigen Sie Ihre Schuhe mit einem mit Wasser und Seife getr\u00e4nkten Tuch. Lassen Sie sie vor der Anwendung trocknen. Das Auftragen von Schuhcreme wird dringend empfohlen. Tragen Sie eine kleine Menge mit einem trockenen, weichen Tuch auf und reiben Sie sie sparsam mit kreisenden Bewegungen auf das Material. Lassen Sie sie nach dem Auftragen 24 Stunden lang nat\u00fcrlich trocknen.Produktlebensdauer:Wenn Sie der Meinung sind, dass Ihr Artikel seine Zeit hinter sich hat oder Sie ihn nicht mehr ben\u00f6tigen, denken Sie daran, ihm ein zweites Leben zu schenken. Sie k\u00f6nnen sich auch einen neuen Artikel f\u00fcr sich selbst besorgen oder ihn verschenken.","marque":""},"taxonomy_info":{"product_cat":[{"value":454,"label":"Accessoires"},{"value":491,"label":"G\u00fcrtel"}],"product_tag":[{"value":415,"label":"Herrenboutique"}],"product_brands":[{"value":685,"label":"NAE Vegan Shoes"}]},"featured_image_src_large":["https:\/\/ekomfort.lu\/wp-content\/uploads\/2023\/08\/beltbruc-black-1024x1024.jpg",1024,1024,true],"author_info":[],"comment_info":0,"_links":{"self":[{"href":"https:\/\/ekomfort.lu\/de\/wp-json\/wp\/v2\/product\/11700","targetHints":{"allow":["GET"]}}],"collection":[{"href":"https:\/\/ekomfort.lu\/de\/wp-json\/wp\/v2\/product"}],"about":[{"href":"https:\/\/ekomfort.lu\/de\/wp-json\/wp\/v2\/types\/product"}],"replies":[{"embeddable":true,"href":"https:\/\/ekomfort.lu\/de\/wp-json\/wp\/v2\/comments?post=11700"}],"wp:featuredmedia":[{"embeddable":true,"href":"https:\/\/ekomfort.lu\/de\/wp-json\/wp\/v2\/media\/8004"}],"wp:attachment":[{"href":"https:\/\/ekomfort.lu\/de\/wp-json\/wp\/v2\/media?parent=11700"}],"wp:term":[{"taxonomy":"product_brand","embeddable":true,"href":"https:\/\/ekomfort.lu\/de\/wp-json\/wp\/v2\/product_brand?post=11700"},{"taxonomy":"product_cat","embeddable":true,"href":"https:\/\/ekomfort.lu\/de\/wp-json\/wp\/v2\/product_cat?post=11700"},{"taxonomy":"product_tag","embeddable":true,"href":"https:\/\/ekomfort.lu\/de\/wp-json\/wp\/v2\/product_tag?post=11700"},{"taxonomy":"product_brands","embeddable":true,"href":"https:\/\/ekomfort.lu\/de\/wp-json\/wp\/v2\/product_brands?post=11700"}],"curies":[{"name":"wp","href":"https:\/\/api.w.org\/{rel}","templated":true}]}}

Schwarzer Herrengürtel Bruc Black von Nae: Das schicke und umweltbewusste vegane Accessoire

<p>Streben Sie nach Raffinesse, indem Sie Ihre Outfits mit anmutigen Accessoires schmücken, ohne Ihre ethischen Überzeugungen aufzugeben? Suchen Sie ein langlebiges, umweltfreundliches und modisches Stück?</p>



<p>Entdecken Sie <strong>Bruc Black</strong>, la <strong>Herren-Stoff aus veganem Leder und schwarzer Mikrofaser.</strong> Eine perfekte Verbindung zwischen unvergleichlicher Eleganz und Umweltbewusstsein.</p>



<p>Mit <strong>Ceinture en cuir homme Bruc Black</strong>, Sie:</p>


<style>.wp-block-kadence-iconlist.kt-svg-icon-list-items11700_d25c52-b6:not(.this-stops-third-party-issues){margin-top:0px;margin-bottom:0px;}.wp-block-kadence-iconlist.kt-svg-icon-list-items11700_d25c52-b6 ul.kt-svg-icon-list:not(.this-prevents-issues):not(.this-stops-third-party-issues):not(.tijsloc){margin-top:0px;margin-right:0px;margin-bottom:var(--global-kb-spacing-sm, 1.5rem);margin-left:0px;}.wp-block-kadence-iconlist.kt-svg-icon-list-items11700_d25c52-b6 ul.kt-svg-icon-list{grid-row-gap:5px;}.wp-block-kadence-iconlist.kt-svg-icon-list-items11700_d25c52-b6 .kb-svg-icon-wrap{font-size:18px;color:var(--global-palette1, #3182CE);}.wp-block-kadence-iconlist.kt-svg-icon-list-items11700_d25c52-b6 ul.kt-svg-icon-list .kt-svg-icon-list-item-wrap .kt-svg-icon-list-single{margin-right:10px;}.kt-svg-icon-list-items11700_d25c52-b6 ul.kt-svg-icon-list .kt-svg-icon-list-level-0 .kt-svg-icon-list-single svg{font-size:20px;}</style>
<div class="wp-block-kadence-iconlist kt-svg-icon-list-items kt-svg-icon-list-items11700_d25c52-b6 kt-svg-icon-list-columns-1 alignnone"><ul class="kt-svg-icon-list"><style>.kt-svg-icon-list-item-4461_7b9ac1-6a .kt-svg-icon-list-text mark.kt-highlight{background-color:unset;font-style:normal;color:#f76a0c;-webkit-box-decoration-break:clone;box-decoration-break:clone;padding-top:0px;padding-right:0px;padding-bottom:0px;padding-left:0px;}</style>
<li class="wp-block-kadence-listitem kt-svg-icon-list-item-wrap kt-svg-icon-list-item-4461_7b9ac1-6a"><span class="kb-svg-icon-wrap kb-svg-icon-fe_checkCircle kt-svg-icon-list-single"><svg viewBox="0 0 24 24"  fill="none" stroke="currentColor" stroke-width="3" stroke-linecap="round" stroke-linejoin="round" xmlns="http://www.w3.org/2000/svg"  aria-hidden="true"><path d="M22 11.08V12a10 10 0 1 1-5.93-9.14"/><polyline points="22 4 12 14.01 9 11.01"/></svg></span><span class="kt-svg-icon-list-text">Betonen Sie Ihren Stil mit einem schwarzen Mikrofasergürtel, einem langlebigen und umweltfreundlichen Material.</span></li>


<style>.kt-svg-icon-list-item-4461_8e2002-b6 .kt-svg-icon-list-text mark.kt-highlight{background-color:unset;font-style:normal;color:#f76a0c;-webkit-box-decoration-break:clone;box-decoration-break:clone;padding-top:0px;padding-right:0px;padding-bottom:0px;padding-left:0px;}</style>
<li class="wp-block-kadence-listitem kt-svg-icon-list-item-wrap kt-svg-icon-list-item-4461_8e2002-b6"><span class="kb-svg-icon-wrap kb-svg-icon-fe_checkCircle kt-svg-icon-list-single"><svg viewBox="0 0 24 24"  fill="none" stroke="currentColor" stroke-width="3" stroke-linecap="round" stroke-linejoin="round" xmlns="http://www.w3.org/2000/svg"  aria-hidden="true"><path d="M22 11.08V12a10 10 0 1 1-5.93-9.14"/><polyline points="22 4 12 14.01 9 11.01"/></svg></span><span class="kt-svg-icon-list-text">Sie können sich leicht vorstellen, diesen modernen und raffinierten Gürtel zu tragen, der jedes Outfit zu jedem Anlass aufwertet.</span></li>


<style>.kt-svg-icon-list-item-4461_469b9e-58 .kt-svg-icon-list-text mark.kt-highlight{background-color:unset;font-style:normal;color:#f76a0c;-webkit-box-decoration-break:clone;box-decoration-break:clone;padding-top:0px;padding-right:0px;padding-bottom:0px;padding-left:0px;}</style>
<li class="wp-block-kadence-listitem kt-svg-icon-list-item-wrap kt-svg-icon-list-item-4461_469b9e-58"><span class="kb-svg-icon-wrap kb-svg-icon-fe_checkCircle kt-svg-icon-list-single"><svg viewBox="0 0 24 24"  fill="none" stroke="currentColor" stroke-width="3" stroke-linecap="round" stroke-linejoin="round" xmlns="http://www.w3.org/2000/svg"  aria-hidden="true"><path d="M22 11.08V12a10 10 0 1 1-5.93-9.14"/><polyline points="22 4 12 14.01 9 11.01"/></svg></span><span class="kt-svg-icon-list-text">Genießen Sie den Komfort und die ideale Passform eines in Spanien handgefertigten Gürtels in einem fairen Arbeitsumfeld.</span></li>
</ul></div>



<p>Keine Tierquälerei, kein Nickel, nur Eleganz ohne Schuldgefühle &#8230;</p>



<p>Gönnen Sie sich zum Preis eines Restaurantessens einen eleganten, langlebigen und ethischen Gürtel, der Ihr Engagement für eine verantwortungsvollere Welt unterstreicht.</p>



<p>Sind Sie bereit, auf bewusste und stilvolle Mode umzusteigen? Le <strong>Bruc Black</strong> wird verschlungen und unser Lagerbestand nimmt schnell ab. Lassen Sie sich diese Chance nicht entgehen!</p>

<p>Streben Sie nach Raffinesse, indem Sie Ihre Outfits mit anmutigen Accessoires schmücken, ohne Ihre ethischen Überzeugungen aufzugeben? Suchen Sie ein langlebiges, umweltfreundliches und modisches Stück? Entdecken Sie Bruc Black, la Herren-Stoff aus veganem Leder und schwarzer Mikrofaser. Eine perfekte Verbindung zwischen unvergleichlicher Eleganz und Umweltbewusstsein. Mit Ceinture en cuir homme Bruc Black, Sie: Keine Tierquälerei,&#8230;</p>

🌿 100% Mikrofaserzusammensetzung: Eine vegane und umweltfreundliche Alternative zu traditionellem Leder.

⛓️ Nickelfreie silberne Schnalle: Reduziert das Risiko von Allergien und Hautreaktionen.🇪🇸 Handgefertigt in Spanien: Garantiert eine erstklassige Verarbeitungsqualität und unterstützt das lokale Handwerk.

♻️ Nachhaltiger Modegürtel für Herren: Bietet eine nachhaltige und verantwortungsvolle Wahl, um ein Outfit zu vervollständigen.

Reinigen Sie Ihre Schuhe mit einem mit Wasser und Seife getränkten Tuch. Lassen Sie sie vor der Anwendung trocknen. Das Auftragen von Schuhcreme wird dringend empfohlen. Tragen Sie eine kleine Menge mit einem trockenen, weichen Tuch auf und reiben Sie sie sparsam mit kreisenden Bewegungen auf das Material. Lassen Sie sie nach dem Auftragen 24 Stunden lang natürlich trocknen.Produktlebensdauer:Wenn Sie der Meinung sind, dass Ihr Artikel seine Zeit hinter sich hat oder Sie ihn nicht mehr benötigen, denken Sie daran, ihm ein zweites Leben zu schenken. Sie können sich auch einen neuen Artikel für sich selbst besorgen oder ihn verschenken.

Gürtel
